e units digit of 128202555?
5
What is the ten thousands digit of 27756737?
5
What is the hundred millions digit of 4723938314?
7
What is the ten thousands digit of 282149827?
4
What is the ten thousands digit of 1842690484?
9
What is the hundred millions digit of 2567958299?
5
What is the thousands digit of 77631495?
1
What is the ten millions digit of 4454455802?
5
What is the ten thousands digit of 15025794?
2
What is the tens digit of 135795007?
0
What is the ten thousands digit of 1617749947?
4
What is the thousands digit of 471369725?
9
What is the millions digit of 87804983?
7
What is the units digit of 174733976?
6
What is the hundred thousands digit of 535243961?
2
What is the ten thousands digit of 47009321?
0
What is the units digit of 1818179358?
8
What is the ten thousands digit of 1037868785?
6
What is the hundred thousands digit of 109051013?
0
What is the ten millions digit of 129147565?
2
What is the tens digit of 9145403797?
9
What is the ten thousands digit of 2200290956?
9
What is the thousands digit of 318049575?
9
What is the millions digit of 59321740?
9
What is the units digit of 278664344?
4
What is the millions digit of 64486590?
4
What is the thousands digit of 21021400?
1
What is the thousands digit of 442758615?
8
What is the billions digit of 1036240182?
1
What is the ten millions digit of 23790282?
2
What is the ten millions digit of 122637951?
2
What is the ten thousands digit of 67436607?
3
What is the ten thousands digit of 6873543?
7
What is the millions digit of 620745716?
0
What is the hundred thousands digit of 56098067?
0
What is the tens digit of 43903593?
9
What is the hundred millions digit of 389732022?
3
What is the millions digit of 125029299?
5
What is the units digit of 2389153?
3
What is the ten millions digit of 59377680?
5
What is the hundred thousands digit of 95768783?
7
What is the thousands digit of 571299553?
9
What is the millions digit of 192689369?
2
What is the tens digit of 1326933066?
6
What is the units digit of 4260838915?
5
What is the units digit of 32263649?
9
What is the ten millions digit of 1173410022?
7
What is the millions digit of 426628236?
6
What is the hundred thousands digit of 27698950?
6
What is the millions digit of 28523914?
8
What is the hundred millions digit of 639909778?
6
What is the thousands digit of 43514893?
4
What is the ten millions digit of 4588380103?
8
What is the hundred millions digit of 2043708210?
0
What is the hundred millions digit of 3248935211?
2
What is the units digit of 278441133?
3
What is the units digit of 891108228?
8
What is the ten millions digit of 452253777?
5
What is the hundred thousands digit of 159298280?
2
What is the units digit of 1558994206?
6
What is the hundreds digit of 15687307?
3
What is the hundreds digit of 14600018?
0
What is the hundreds digit of 21811112?
1
What is the units digit of 71611320?
0
What is the hundred millions digit of 682761354?
6
What is the units digit of 285035582?
2
What is the units digit of 318838972?
2
What is the tens digit of 24955821?
2
What is the millions digit of 2083443970?
3
What is the thousands digit of 3415222168?
2
What is the units digit of 1089767102?
2
What is the tens digit of 17645531?
3
What is the ten millions digit of 51958461?
5
What is the thousands digit of 1357292555?
2
What is the millions digit of 63934948?
3
What is the tens digit of 221066557?
5
What is the hundred millions digit of 798306277?
7
What is the units digit of 1131252946?
6
What is the ten millions digit of 11107580?
1
What is the ten thousands digit of 98346613?
4
What is the millions digit of 49694904?
9
What is the hundred millions digit of 1412150514?
4
What is the hundreds digit of 374823006?
0
What is the tens digit of 702320220?
2
What is the units digit of 263111338?
8
What is the hundred thousands digit of 119927688?
9
What is the ten millions digit of 620386787?
2
What is the hundred thousands digit of 710675439?
6
What is the units digit of 17341911?
1
What is the ten thousands digit of 799593757?
9
What is the ten thousands digit of 328184937?
8
What is the hundred millions digit of 148660865?
1
What is the thousands digit of 57108947?
8
What is the tens digit of 16449921?
2
What is the millions digit of 80513197?
0
What is the tens digit of 294115079?
7
What is the tens digit of 40001388?
8
What is the hundred thousands digit of 594490353?
4
What is the ten millions digit of 213016794?
1
What is the ten thousands digit of 624714587?
1
What is the hundred thousands digit of 162366896?
3
What is the billions digit of 1460049358?
1
What is the millions digit of 309275911?
9
What is the billions digit of 2270726952?
2
What is the hundred thousands digit of 419056737?
0
What is the ten thousands digit of 16719587?
1
What is the ten millions digit of 124115356?
2
What is the tens digit of 2049856885?
8
What is the millions digit of 169072296?
9
What is the millions digit of 507453351?
7
What is the ten millions digit of 1988712285?
8
What is the millions digit of 253059754?
3
What is the hundred thousands digit of 6127698?
1
What is the millions digit of 5091626?
5
What is the hundreds digit of 701531583?
5
What is the thousands digit of 1934691165?
1
What is the hundred millions digit of 2987939247?
9
What is the tens digit of 676483030?
3
What is the hundred thousands digit of 134256262?
2
What is the millions digit of 1234130809?
4
What is the millions digit of 1457068?
1
What is the hundred thousands digit of 3979277258?
2
What is the units digit of 3463089329?
9
What is the thousands digit of 1082771?
2
What is the hundreds digit of 7381142803?
8
What is the ten millions digit of 3319024172?
1
What is the hundred thousands digit of 796790457?
7
What is the millions digit of 213724862?
3
What is the ten millions digit of 47881763?
4
What is the tens digit of 402756369?
6
What is the ten millions digit of 954467041?
5
What is the hundred millions digit of 376932972?
3
What is the hundred thousands digit of 607740140?
7
What is the tens digit of 86724505?
0
What is the millions digit of 174478806?
4
What is the hundred thousands digit of 272443371?
4
What is the hundred millions digit of 555646051?
5
What is the millions digit of 892505811?
2
What is the hundreds digit of 170093710?
7
What is the thousands digit of 15400248?
0
What is the hundreds digit of 95387675?
6
What is the hundred thousands digit of 38832526?
8
What is the hundreds digit of 116767897?
8
What is the ten thousands digit of 1490808129?
0
What is the ten millions digit of 108888834?
0
What is the hundreds digit of 2736088?
0
What is the ten thousands digit of 4989253955?
5
What is the ten millions digit of 130477130?
3
What is the tens digit of 773856635?
3
What is the ten thousands digit of 104759542?
5
What is the ten thousands digit of 67257658?
5
What is the ten thousands digit of 42565537?
6
What is the thousands digit of 2434362200?
2
What is the ten thousands digit of 2973947916?
4
What is the units digit of 578416787?
7
What is the millions digit of 2352113367?
2
What is the hundreds digit of 125384567?
5
What is the millions digit of 70575601?
0
What is the units digit of 81365601?
1
What is the units digit of 5197368422?
2
What is the ten thousands digit of 485959076?
5
What is the millions digit of 790815690?
0
What is the millions digit of 92462521?
2
What is the tens digit of 724411997?
9
What is the tens digit of 2315356129?
2
What is the tens digit of 214396550?
5
What is the millions digit of 35225051?
5
What is the units digit of 283146797?
7
What is the tens digit of 231194789?
8
What is the hundreds digit of 38116392?
3
What is the ten thousands digit of 1835787382?
8
What is the thousands digit of 80139297?
9
What is the ten millions digit of 6244113669?
4
What is the hundred millions digit of 200962964?
2
What is the hundred millions digit of 132165622?
1
What is the tens digit of 2864041331?
3
What is the ten millions digit of 17105648?
1
What is the ten millions digit of 161694340?
6
What is the ten thousands digit of 1312522411?
2
What is the hundred thousands digit of 51156917?
1
What is the hundreds digit of 91069626?
6
What is the hundred millions digit of 4700141173?
7
What is the hundred milli